{"id":30,"date":"2025-02-12T19:43:19","date_gmt":"2025-02-12T19:43:19","guid":{"rendered":"https:\/\/w-m-s.xyz\/?page_id=30"},"modified":"2025-02-16T10:39:31","modified_gmt":"2025-02-16T10:39:31","slug":"contact","status":"publish","type":"page","link":"https:\/\/fun-co.fun\/?page_id=30","title":{"rendered":"CONTACT"},"content":{"rendered":"\n<div class=\"ark-block-heading\" data-sub=\"top\"><div class=\"ark-block-heading__sub\">CONTACT<\/div><h2 class=\"ark-block-heading__main\">\u304a\u554f\u3044\u5408\u308f\u305b<\/h2><\/div>\n\n\n\n<div style=\"height:30px\" aria-hidden=\"true\" class=\"wp-block-spacer\"><\/div>\n\n\n\n<div class=\"wpcf7 no-js\" id=\"wpcf7-f21-o1\" lang=\"ja\" dir=\"ltr\" data-wpcf7-id=\"21\">\n<div class=\"screen-reader-response\"><p role=\"status\" aria-live=\"polite\" aria-atomic=\"true\"><\/p> <ul><\/ul><\/div>\n<form action=\"\/index.php?rest_route=%2Fwp%2Fv2%2Fpages%2F30#wpcf7-f21-o1\" method=\"post\" class=\"wpcf7-form init\" aria-label=\"\u30b3\u30f3\u30bf\u30af\u30c8\u30d5\u30a9\u30fc\u30e0\" novalidate=\"novalidate\" data-status=\"init\">\n<div style=\"display: none;\">\n<input type=\"hidden\" name=\"_wpcf7\" value=\"21\" \/>\n<input type=\"hidden\" name=\"_wpcf7_version\" value=\"6.0.6\" \/>\n<input type=\"hidden\" name=\"_wpcf7_locale\" value=\"ja\" \/>\n<input type=\"hidden\" name=\"_wpcf7_unit_tag\" value=\"wpcf7-f21-o1\" \/>\n<input type=\"hidden\" name=\"_wpcf7_container_post\" value=\"0\" \/>\n<input type=\"hidden\" name=\"_wpcf7_posted_data_hash\" value=\"\" \/>\n<\/div>\n<table class=\"CF7_table\">\n\t<tr>\n\t\t<th>\n\t\t\t<p><span class=\"CF7_req\">\u5fc5\u9808<\/span> \u3054\u76f8\u8ac7\u5185\u5bb9\n\t\t\t<\/p>\n\t\t<\/th>\n\t\t<td>\n\t\t\t<p><span class=\"wpcf7-form-control-wrap\" data-name=\"checkbox-inq\"><span class=\"wpcf7-form-control wpcf7-checkbox wpcf7-validates-as-required\"><span class=\"wpcf7-list-item first\"><input type=\"checkbox\" name=\"checkbox-inq[]\" value=\"\u3054\u76f8\u8ac7\" \/><span class=\"wpcf7-list-item-label\">\u3054\u76f8\u8ac7<\/span><\/span><span class=\"wpcf7-list-item\"><input type=\"checkbox\" name=\"checkbox-inq[]\" value=\"\u3054\u63d0\u6848\" \/><span class=\"wpcf7-list-item-label\">\u3054\u63d0\u6848<\/span><\/span><span class=\"wpcf7-list-item\"><input type=\"checkbox\" name=\"checkbox-inq[]\" value=\"\u304a\u554f\u3044\u5408\u308f\u305b\" \/><span class=\"wpcf7-list-item-label\">\u304a\u554f\u3044\u5408\u308f\u305b<\/span><\/span><span class=\"wpcf7-list-item last\"><input type=\"checkbox\" name=\"checkbox-inq[]\" value=\"\u305d\u306e\u4ed6\" \/><span class=\"wpcf7-list-item-label\">\u305d\u306e\u4ed6<\/span><\/span><\/span><\/span>\n\t\t\t<\/p>\n\t\t<\/td>\n\t<\/tr>\n\t<tr>\n\t\t<th>\n\t\t\t<p><span class=\"CF7_req\">\u5fc5\u9808<\/span> \u304a\u540d\u524d\n\t\t\t<\/p>\n\t\t<\/th>\n\t\t<td>\n\t\t\t<p><span class=\"wpcf7-form-control-wrap\" data-name=\"your-name\"><input size=\"40\" maxlength=\"400\" class=\"wpcf7-form-control wpcf7-text wpcf7-validates-as-required\" aria-required=\"true\" aria-invalid=\"false\" placeholder=\"\u4f8b\uff1a\u3042\u306a\u305f\u306e\u304a\u540d\u524d\" value=\"\" type=\"text\" name=\"your-name\" \/><\/span>\n\t\t\t<\/p>\n\t\t<\/td>\n\t<\/tr>\n\t<tr>\n\t\t<th>\n\t\t\t<p><span class=\"CF7_req\">\u5fc5\u9808<\/span> \u30e1\u30fc\u30eb\u30a2\u30c9\u30ec\u30b9\n\t\t\t<\/p>\n\t\t<\/th>\n\t\t<td>\n\t\t\t<p><span class=\"wpcf7-form-control-wrap\" data-name=\"your-email\"><input size=\"40\" maxlength=\"400\" class=\"wpcf7-form-control wpcf7-email wpcf7-validates-as-required wpcf7-text wpcf7-validates-as-email\" aria-required=\"true\" aria-invalid=\"false\" placeholder=\"\u4f8b\uff1a\u00d7\u00d7\u00d7@\u00d7\u00d7\u00d7.com\" value=\"\" type=\"email\" name=\"your-email\" \/><\/span>\n\t\t\t<\/p>\n\t\t<\/td>\n\t<\/tr>\n\t<tr>\n\t\t<th>\n\t\t\t<p><span class=\"CF7_unreq\">\u4efb\u610f<\/span>\u4f1a\u793e\u540d\n\t\t\t<\/p>\n\t\t<\/th>\n\t\t<td>\n\t\t\t<p><span class=\"wpcf7-form-control-wrap\" data-name=\"your-company\"><input size=\"40\" maxlength=\"400\" class=\"wpcf7-form-control wpcf7-text\" aria-invalid=\"false\" placeholder=\"\u4f8b\uff1a\u25ef\u25ef\u682a\u5f0f\u4f1a\u793e\" value=\"\" type=\"text\" name=\"your-company\" \/><\/span>\n\t\t\t<\/p>\n\t\t<\/td>\n\t<\/tr>\n\t<tr>\n\t\t<th>\n\t\t\t<p><span class=\"CF7_req\">\u5fc5\u9808<\/span>\u304a\u96fb\u8a71\u756a\u53f7\n\t\t\t<\/p>\n\t\t<\/th>\n\t\t<td>\n\t\t\t<p><span class=\"wpcf7-form-control-wrap\" data-name=\"your-tel\"><input size=\"40\" maxlength=\"400\" class=\"wpcf7-form-control wpcf7-text wpcf7-validates-as-required\" aria-required=\"true\" aria-invalid=\"false\" placeholder=\"\u4f8b\uff1a03-1234-5678\" value=\"\" type=\"text\" name=\"your-tel\" \/><\/span>\n\t\t\t<\/p>\n\t\t<\/td>\n\t<\/tr>\n\t<tr>\n\t\t<th>\n\t\t\t<p><span class=\"CF7_req\">\u5fc5\u9808<\/span>\u30e1\u30c3\u30bb\u30fc\u30b8\u672c\u6587\n\t\t\t<\/p>\n\t\t<\/th>\n\t\t<td class=\"message-100\">\n\t\t\t<p><span class=\"wpcf7-form-control-wrap\" data-name=\"your-message\"><textarea cols=\"40\" rows=\"10\" maxlength=\"2000\" class=\"wpcf7-form-control wpcf7-textarea wpcf7-validates-as-required\" aria-required=\"true\" aria-invalid=\"false\" placeholder=\"\u304a\u554f\u3044\u5408\u308f\u305b\u5185\u5bb9\u3092\u3054\u8a18\u5165\u304f\u3060\u3055\u3044\" name=\"your-message\"><\/textarea><\/span>\u3000\n\t\t\t<\/p>\n\t\t<\/td>\n\t<\/tr>\n<\/table>\n<p class=\"CF7_btn\"><input class=\"wpcf7-form-control wpcf7-submit has-spinner\" type=\"submit\" value=\"\u9001\u4fe1\u3059\u308b\" \/>\n<\/p><p style=\"display: none !important;\" class=\"akismet-fields-container\" data-prefix=\"_wpcf7_ak_\"><label>&#916;<textarea name=\"_wpcf7_ak_hp_textarea\" cols=\"45\" rows=\"8\" maxlength=\"100\"><\/textarea><\/label><input type=\"hidden\" id=\"ak_js_1\" name=\"_wpcf7_ak_js\" value=\"67\"\/><script>document.getElementById( \"ak_js_1\" ).setAttribute( \"value\", ( new Date() ).getTime() );<\/script><\/p><div class=\"wpcf7-response-output\" aria-hidden=\"true\"><\/div>\n<\/form>\n<\/div>\n\n\n\n\n\n\n<p class=\"\/*ContactForm7\u30ab\u30b9\u30bf\u30de\u30a4\u30ba*\/ table.CF7_table{ \twidth:80%; \tmargin:0 auto; \tborder: 3px solid #e5e5e5; }  table.CF7_table tr{ \tborder-top: 1px solid #e5e5e5; }  .single .entry-content table.CF7_table, .page .entry-content table.CF7_table{ \tdisplay:table; }  \/*\u5165\u529b\u6b04*\/ .CF7_table input, .CF7_table textarea { \tborder: 1px solid #d8d8d8; }  .CF7_table ::placeholder { \tcolor:#797979; }  \/*\u300c\u5fc5\u9808\u300d\u6587\u5b57*\/ .CF7_req{ \tfont-size:.9em; \tpadding: 5px; \tbackground: #f79034;\/*\u30aa\u30ec\u30f3\u30b8*\/ \tcolor: #fff; \tborder-radius: 3px; \tmargin-right:1em; }  \/*\u300c\u4efb\u610f\u300d\u6587\u5b57*\/ .CF7_unreq{ \tfont-size:.9em; \tpadding: 5px; \tbackground: #bdbdbd;\/*\u30b0\u30ec\u30fc*\/ \tcolor: #fff; \tborder-radius: 3px; \tmargin-right:1em; }  \/* \u30bf\u30a4\u30c8\u30eb\u5217 *\/ @media screen and (min-width: 768px){ \t.CF7_table th{ \twidth:30%;\/*\u6a2a\u5e45*\/ \tbackground-color:#ebedf5;\/*\u30d6\u30eb\u30fc\u30b0\u30ec\u30fc*\/ \t} }  \/* \u30ec\u30b9\u30dd\u30f3\u30b7\u30d6 *\/ @media screen and (max-width: 768px){ \ttable.CF7_table{ \twidth:95%; \t} \t.CF7_table tr, .CF7_table td, .CF7_table th{ \tdisplay: block; \twidth: 100%; \tline-height:2.5em; \t} \t.CF7_table th{ \tbackground-color:#ebedf5; \t} }  \/* \u300c\u9001\u4fe1\u3059\u308b\u300d\u30dc\u30bf\u30f3 *\/ .wpcf7 input.wpcf7-submit { \tbackground-color:#f79034;\/* \u30aa\u30ec\u30f3\u30b8*\/ \tborder:0; \tcolor:#fff; \tfont-size:1.2em; \tfont-weight:bold; \tmargin:0 auto; }  .CF7_btn{ \ttext-align:center; \tmargin-top:20px; }  .wpcf7-spinner{ \twidth:0; \tmargin:0; }\"><\/p>\n\n\n\n<p class=\"\/*ContactForm7\u30ab\u30b9\u30bf\u30de\u30a4\u30ba*\/ table.CF7_table{ width:80%; margin:0 auto; border: 3px solid #e5e5e5; } table.CF7_table tr{ border-top: 1px .single .entry-content table.CF7_table, .page display:table; \/*\u5165\u529b\u6b04*\/ .CF7_table input, textarea { #d8d8d8; ::placeholder color:#797979; \/*\u300c\u5fc5\u9808\u300d\u6587\u5b57*\/ .CF7_req{ font-size:.9em; padding: 5px; background: #f79034;\/*\u30aa\u30ec\u30f3\u30b8*\/ color: #fff; border-radius: 3px; margin-right:1em; \/*\u300c\u4efb\u610f\u300d\u6587\u5b57*\/ .CF7_unreq{ #bdbdbd;\/*\u30b0\u30ec\u30fc*\/ \/* \u30bf\u30a4\u30c8\u30eb\u5217 *\/ @media screen and (min-width: 768px){ th{ width:30%;\/*\u6a2a\u5e45*\/ background-color:#ebedf5;\/*\u30d6\u30eb\u30fc\u30b0\u30ec\u30fc*\/ \u30ec\u30b9\u30dd\u30f3\u30b7\u30d6 (max-width: width:95%; tr, td, display: block; width: 100%; line-height:2.5em; background-color:#ebedf5; \u300c\u9001\u4fe1\u3059\u308b\u300d\u30dc\u30bf\u30f3 .wpcf7 input.wpcf7-submit background-color:#f79034;\/* \u30aa\u30ec\u30f3\u30b8*\/ border:0; color:#fff; font-size:1.2em; font-weight:bold; .CF7_btn{ text-align:center; margin-top:20px; .wpcf7-spinner{ width:0; margin:0; has-luminous-vivid-orange-color has-white-background-color has-text-color has-background has-link-color wp-elements-de5a47c7693376182c55ca3072417335\"><\/p>\n","protected":false},"excerpt":{"rendered":"","protected":false},"author":1,"featured_media":0,"parent":0,"menu_order":0,"comment_status":"closed","ping_status":"closed","template":"","meta":{"footnotes":""},"class_list":["post-30","page","type-page","status-publish","hentry"],"_links":{"self":[{"href":"https:\/\/fun-co.fun\/index.php?rest_route=\/wp\/v2\/pages\/30","targetHints":{"allow":["GET"]}}],"collection":[{"href":"https:\/\/fun-co.fun\/index.php?rest_route=\/wp\/v2\/pages"}],"about":[{"href":"https:\/\/fun-co.fun\/index.php?rest_route=\/wp\/v2\/types\/page"}],"author":[{"embeddable":true,"href":"https:\/\/fun-co.fun\/index.php?rest_route=\/wp\/v2\/users\/1"}],"replies":[{"embeddable":true,"href":"https:\/\/fun-co.fun\/index.php?rest_route=%2Fwp%2Fv2%2Fcomments&post=30"}],"version-history":[{"count":8,"href":"https:\/\/fun-co.fun\/index.php?rest_route=\/wp\/v2\/pages\/30\/revisions"}],"predecessor-version":[{"id":234,"href":"https:\/\/fun-co.fun\/index.php?rest_route=\/wp\/v2\/pages\/30\/revisions\/234"}],"wp:attachment":[{"href":"https:\/\/fun-co.fun\/index.php?rest_route=%2Fwp%2Fv2%2Fmedia&parent=30"}],"curies":[{"name":"wp","href":"https:\/\/api.w.org\/{rel}","templated":true}]}}